 when 457261 is divided by 17.
12
What is the remainder when 21024919 is divided by 340?
339
Calculate the remainder when 9869130 is divided by 2467251.
126
What is the remainder when 111531 is divided by 2188?
2131
What is the remainder when 3293009 is divided by 2251?
2047
What is the remainder when 2014900 is divided by 172?
92
What is the remainder when 14879821 is divided by 1555?
26
Calculate the remainder when 178095 is divided by 1305.
615
Calculate the remainder when 129274 is divided by 18464.
26
What is the remainder when 108941 is divided by 12044?
545
What is the remainder when 289281 is divided by 24059?
573
Calculate the remainder when 11814663 is divided by 227197.
419
What is the remainder when 81352153 is divided by 25070?
3
What is the remainder when 869945 is divided by 6447?
6047
What is the remainder when 458270 is divided by 20826?
98
What is the remainder when 796286 is divided by 6924?
26
Calculate the remainder when 1665188 is divided by 832587.
14
Calculate the remainder when 8847774 is divided by 7530.
24
Calculate the remainder when 16449 is divided by 3486.
2505
What is the remainder when 2778332 is divided by 14700?
32
What is the remainder when 2454217 is divided by 598?
25
What is the remainder when 24109 is divided by 11428?
1253
What is the remainder when 121359555 is divided by 307?
306
What is the remainder when 11505615 is divided by 213?
207
What is the remainder when 16464 is divided by 2434?
1860
Calculate the remainder when 195690 is divided by 32484.
786
What is the remainder when 93115 is divided by 105?
85
What is the remainder when 48937016 is divided by 1013?
1012
Calculate the remainder when 14370085 is divided by 37.
25
Calculate the remainder when 170960311 is divided by 7287.
4
What is the remainder when 8373464 is divided by 114?
50
What is the remainder when 8838778 is divided by 111?
70
What is the remainder when 116825 is divided by 13338?
10121
Calculate the remainder when 4214699 is divided by 1805.
24
Calculate the remainder when 12074153 is divided by 5033.
5019
What is the remainder when 168353 is divided by 56067?
152
Calculate the remainder when 57033612 is divided by 13.
12
What is the remainder when 155930772 is divided by 175?
172
What is the remainder when 16425 is divided by 3232?
265
What is the remainder when 382268 is divided by 5223?
989
Calculate the remainder when 534904 is divided by 302.
62
What is the remainder when 3902588 is divided by 985?
18
Calculate the remainder when 8349 is divided by 617.
328
What is the remainder when 7291471 is divided by 520817?
33
Calculate the remainder when 59709791 is divided by 14927446.
7
What is the remainder when 321878 is divided by 4954?
4822
Calculate the remainder when 14337 is divided by 14325.
12
What is the remainder when 618240 is divided by 309026?
188
Calculate the remainder when 249930 is divided by 2160.
1530
Calculate the remainder when 601580 is divided by 839.
17
Calculate the remainder when 3976051 is divided by 114.
73
What is the remainder when 2969542 is divided by 197969?
7
What is the remainder when 166207697 is divided by 282?
281
What is the remainder when 253461347 is divided by 4971?
4970
Calculate the remainder when 25917514 is divided by 12.
10
Calculate the remainder when 922357 is divided by 35475.
7
Calculate the remainder when 8823606 is divided by 13.
12
What is the remainder when 168210 is divided by 534?
0
Calculate the remainder when 290112 is divided by 4144.
32
What is the remainder when 4125035 is divided by 4125029?
6
Calculate the remainder when 38137 is divided by 7616.
57
Calculate the remainder when 309758 is divided by 77367.
290
What is the remainder when 1933946 is divided by 119?
77
What is the remainder when 289343 is divided by 9539?
3173
Calculate the remainder when 124266395 is divided by 62.
43
What is the remainder when 675823 is divided by 19876?
39
What is the remainder when 14064419 is divided by 77277?
5
Calculate the remainder when 6591937 is divided by 55.
22
What is the remainder when 2065630 is divided by 1572?
22
Calculate the remainder when 1178646 is divided by 196439.
12
Calculate the remainder when 1505011 is divided by 62.
23
What is the remainder when 31874 is divided by 523?
494
What is the remainder when 32484 is divided by 508?
480
Calculate the remainder when 613542 is divided by 102160.
582
What is the remainder when 598591 is divided by 13302?
1
What is the remainder when 78238 is divided by 18793?
3066
What is the remainder when 84661 is divided by 234?
187
Calculate the remainder when 22416 is divided by 2209.
326
What is the remainder when 309892 is divided by 154739?
414
What is the remainder when 166976 is divided by 92?
88
What is the remainder when 29096229 is divided by 26?
19
Calculate the remainder when 468744 is divided by 348.
336
What is the remainder when 2788547 is divided by 75?
47
What is the remainder when 4092 is divided by 4089?
3
Calculate the remainder when 279518 is divided by 279369.
149
Calculate the remainder when 31874372 is divided by 15937181.
10
What is the remainder when 144042 is divided by 46339?
5025
What is the remainder when 7911 is divided by 3928?
55
Calculate the remainder when 74188539 is divided by 34.
29
Calculate the remainder when 8650556 is divided by 10511.
3
Calculate the remainder when 441416824 is divided by 3419.
3410
Calculate the remainder when 452952 is divided by 3457.
85
Calculate the remainder when 933882 is divided by 7.
5
What is the remainder when 3158547 is divided by 1957?
1906
Calculate the remainder when 607476 is divided by 93.
0
Calculate the remainder when 576596 is divided by 2668.
308
What is the remainder when 577694 is divided by 433?
72
Calculate the remainder when 19273 is divided by 19266.
7
Calculate the remainder when 79825661 is divided by 15.
11
What is the remainder when 548782 is divided by 79?
48
What is the remainder when 7138182 is divided by 130?
12
Calculate the remainder when 1584138 is divided by 2316.
2310
Calculate the remainder when 1411748 is divided by 321.
311
Calculate the remainder when 2468109 is divided by 617027.
1
Calculate the remainder when 2121222 is divided by 76.
62
What is the remainder when 1883765 is divided by 454?
119
What is the remainder when 7761320 is divided by 103?
64
Calculate the remainder when 30721469 is divided by 93.
35
What is the remainder when 354636 is divided by 1091?
61
What is the remainder when 6997308 is divided by 661?
623
What is the remainder when 47625400 is divided by 375?
25
What is the remainder when 2899165 is divided by 156?
61
Calculate the remainder when 14209506 is divided by 617.
613
What is the remainder when 922162 is divided by 230534?
26
What is the remainder when 44226002 is divided by 81900?
2
Calculate the remainder when 20903 is divided by 5567.
4202
What is the remainder when 671098 is divided by 27?
13
Calculate the remainder when 7766804 is divided by 1162.
1158
What is the remainder when 42691811 is divided by 2371767?
5
What is the remainder when 1201184 is divided by 4863?
23
What is the remainder when 297912 is divided by 70?
62
Calculate the remainder when 7388708 is divided by 116.
88
Calculate the remainder when 5072798 is divided by 850.
848
Calculate the remainder when 98620 is divided by 19721.
15
What is the remainder when 2854444 is divided by 356803?
20
Calculate the remainder when 21549386 is divided by 51.
50
Calculate the remainder when 16914757 is divided by 2.
1
What is the remainder when 25875239 is divided by 665?
89
Calculate the remainder when 616557 is divided by 26806.
19
What is the remainder when 18543 is divided by 3409?
1498
Calculate the remainder when 258607383 is divided by 413.
412
Calculate the remainder when 24095684 is divided by 10413.
2
What is the remainder when 1155680 is divided by 577819?
42
What is the remainder when 24638779 is divided by 37?
35
Calculate the remainder when 10955895 is divided by 62.
61
Calculate the remainder when 485939 is divided by 4458.
17
What is the remainder when 32590264 is divided by 4022?
4020
What is the remainder when 25599202 is divided by 8533063?
13
What is the remainder when 144876 is divided by 48183?
327
What is the remainder w